osite number?
False
Is 174959 a composite number?
False
Is 9101441 a composite number?
False
Is 827523469 prime?
False
Is 144610949 prime?
False
Is 12604079 prime?
False
Is 9841661 a composite number?
False
Is 10370758 a composite number?
True
Is 18472031 prime?
True
Is 4915641 prime?
False
Is 5389871 a prime number?
True
Is 15075677 a composite number?
False
Is 46156403 a prime number?
False
Is 609815 prime?
False
Is 1866331 composite?
False
Is 71565827 a composite number?
False
Is 215889 prime?
False
Is 15129749 a prime number?
False
Is 56095829 a prime number?
False
Is 96326513 composite?
True
Is 6753673 a composite number?
True
Is 56539337 composite?
True
Is 41935409 a composite number?
False
Is 30705467 a composite number?
True
Is 9947761 composite?
False
Is 4846289 a prime number?
False
Is 64102531 a composite number?
False
Is 1663451 a composite number?
True
Is 586107641 a prime number?
False
Is 4935739 prime?
True
Is 6471086 a prime number?
False
Is 93615377 composite?
False
Is 22008067 composite?
False
Is 10223447 composite?
True
Is 3413767 composite?
True
Is 48420139 prime?
False
Is 331890563 prime?
True
Is 6384935 prime?
False
Is 5878553 composite?
False
Is 881574707 composite?
True
Is 8536371 prime?
False
Is 147430771 a composite number?
False
Is 1441091 composite?
True
Is 735563 a composite number?
True
Is 5216663 a prime number?
True
Is 204986807 composite?
False
Is 10774591 composite?
True
Is 112391261 a composite number?
False
Is 47422787 prime?
True
Is 867001 a prime number?
True
Is 52441262 a prime number?
False
Is 1344979 prime?
True
Is 8500127 a composite number?
False
Is 16581973 composite?
False
Is 13363301 prime?
False
Is 128255629 composite?
True
Is 176911153 a composite number?
False
Is 1866695 composite?
True
Is 14807803 a prime number?
False
Is 3153977 composite?
True
Is 78135853 prime?
False
Is 1093368149 composite?
False
Is 20886157 a prime number?
False
Is 168036013 a prime number?
True
Is 8387087 a composite number?
True
Is 82381589 prime?
True
Is 30927238 a prime number?
False
Is 20260351 prime?
True
Is 44800837 a prime number?
True
Is 1587067 prime?
True
Is 14384393 a composite number?
False
Is 33491 composite?
True
Is 50423123 prime?
True
Is 8593797 a composite number?
True
Is 9938263 composite?
False
Is 191938403 a prime number?
True
Is 39192305 a prime number?
False
Is 200855819 a prime number?
False
Is 1385627 prime?
False
Is 4746737 prime?
True
Is 2158304339 composite?
False
Is 54918049 composite?
False
Is 43613543 a prime number?
False
Is 719441 a composite number?
False
Is 764017981 a prime number?
True
Is 155605 composite?
True
Is 8975227 prime?
True
Is 11351391 a prime number?
False
Is 3307399 composite?
False
Is 7287563 composite?
False
Is 2416931 a prime number?
False
Is 7169057 a prime number?
False
Is 2904299 a composite number?
False
Is 69454559 prime?
True
Is 2251547 a prime number?
True
Is 11928577 a prime number?
False
Is 34409021 a prime number?
True
Is 3468163 prime?
True
Is 12805579 a composite number?
False
Is 12021059 prime?
True
Is 2314769 a composite number?
False
Is 764843 composite?
True
Is 85991349 a composite number?
True
Is 85962401 composite?
True
Is 53384531 composite?
True
Is 22217209 a composite number?
True
Is 8602273 a composite number?
False
Is 106385177 a prime number?
True
Is 6351281 a composite number?
True
Is 71697121 composite?
True
Is 23974 composite?
True
Is 7231369 a composite number?
False
Is 4656791 prime?
False
Is 154546681 a prime number?
False
Is 92752586 prime?
False
Is 9728729 prime?
True
Is 9847759 prime?
True
Is 1805039 composite?
False
Is 6629341 a composite number?
True
Is 91283 prime?
True
Is 11804977 composite?
True
Is 4136731 composite?
True
Is 917628869 a prime number?
True
Is 21492231 a prime number?
False
Is 7173479 prime?
True
Is 6927997 prime?
True
Is 23682697 composite?
False
Is 15083261 prime?
True
Is 4971479 a prime number?
False
Is 205613677 a composite number?
False
Is 345487997 composite?
False
Is 1968853 a prime number?
True
Is 22665311 prime?
False
Is 67997641 a composite number?
False
Is 81897661 prime?
True
Is 660007 a composite number?
True
Is 28635883 prime?
False
Is 63634219 composite?
True
Is 13005677 composite?
True
Is 166243999 a composite number?
False
Is 209150647 composite?
False
Is 1531967 a composite number?
True
Is 15815647 a composite number?
False
Is 813721 composite?
False
Is 8332391 prime?
False
Is 14990119 composite?
False
Is 3102097 a composite number?
False
Is 4857689 composite?
True
Is 451229 a composite number?
True
Is 21507337 prime?
False
Is 879272501 composite?
False
Is 248918105 prime?
False
Is 255048683 prime?
True
Is 3944711 a composite number?
False
Is 206951041 composite?
True
Is 6409229 a composite number?
True
Is 2792533 prime?
False
Is 8640509 a composite number?
True
Is 236554477 prime?
True
Is 14113217 composite?
True
Is 553526 a prime number?
False
Is 46500523 a prime number?
True
Is 997443769 composite?
True
Is 19051919 a prime number?
False
Is 87514123 a prime number?
False
Is 5859289 a prime number?
True
Is 3707849 a composite number?
False
Is 145122449 a composite number?
False
Is 14748517 a prime number?
False
Is 1385473 a prime number?
False
Is 38391407 a composite number?
False
Is 15632693 a composite number?
True
Is 8726147 prime?
False
Is 1278821 prime?
False
Is 2077963 a composite number?
True
Is 975889 a prime number?
False
Is 6784457 a composite number?
False
Is 32937407 a composite number?
True
Is 18486053 a prime number?
True
Is 1947037 composite?
True
Is 385811 prime?
True
Is 847593083 prime?
True
Is 58001197 prime?
True
Is 29368673 a prime number?
False
Is 5119091 composite?
True
Is 35217593 prime?
False
Is 195941 a composite number?
True
Is 18791398 composite?
True
Is 9208157 a prime number?
False
Is 2341831 a composite number?
True
Is 23280119 prime?
False
Is 3486091 a composite number?
True
Is 107471261 composite?
False
Is 822761 composite?
False
Is 7613771 prime?
False
Is 1444213 a composite number?
False
Is 2239577 a prime number?
True
Is 613027 prime?
False
Is 116987839 a prime number?
True
Is 3965569 a composite number?
False
Is 9879641 a composite number?
False
Is 38014309 prime?
True
Is 104448293 a prime number?
True
Is 875143 a composite number?
True
Is 86750787 a composite number?
True
Is 5378657 a composite number?
False
Is 81421607 composite?
True
Is 1950877 a composite number?
True
Is 628330739 a prime number?
True
Is 401207 a prime number?
False
Is 446691503 a prime number?
True
Is 503939 a prime number?
True
Is 1906046 a prime number?
False
Is 14938099 a composite number?
True
Is 64175603 composite?
True
Is 128011237 prime?
True
Is 91849259 composite?
True
Is 11588321 composite?
False
Is 13586801 a composite number?
False
Is 8887135 composite?
True
Is 393567011 prime?
True
Is 4603847 prime?
False
Is 1642241 composite?
True
Is 99971 a composite number?
False
Is 17086973 prime?
False
Is 115891 a prime number?
True
Is 13957649 a composite number?
False
Is 3133873 prime?
True
Is 57554269 composite?
False
Is 1019119 a composite number?
False
Is 57809089 a prime number?
False
Is 4411255 composite?
True
Is 40238169 a prime number?
False
Is 8495021 prime?
False
Is 137702761 a prime number?
False
Is 3952387 composite?
False
Is 119276722 prime?
False
Is 4143133 prime?
False
Is 3466523 a composite number?
True
Is 5734439 a composite number?
False
Is 118618517 a prime number?
True
Is 15240637 composite?
True
Is 81846521 prime?
False
Is 12688343 prime?
True
Is 322896845 a composite number?
True
Is 17931941 a composite number?
False
Is 9003829 a prime number?
False
Is 15172253 composite?
False
Is 4917823 a composite number?
False
Is 23602039 a composite number?
False
Is 3478078 a prime number?
False
Is 73387117 composite?
True
Is 5060603 a prime number?
True
Is 671469 composite?
True
Is 27318567 a prime number?
False
Is 83415023 composite?
False
Is 19412569 prime?
False
Is 261469333 a prime number?
False
Is 29610283 prime?
False
Is 124847 a composite number?
False
Is 12307123 composite?
True
Is 3242531 composite?
False
Is 838687 a composite number?
False
Is 10554107 composite?
False
Is 137087893 composite?
True
Is 3090253 a prime number?
True
Is 1682281 a prime number?
True
Is 63034